{"id":6,"date":"2023-05-09T19:48:29","date_gmt":"2023-05-09T19:48:29","guid":{"rendered":"https:\/\/movatf.com.br\/portaria-e-recepcao\/?page_id=6"},"modified":"2024-01-07T20:48:27","modified_gmt":"2024-01-07T20:48:27","slug":"home","status":"publish","type":"page","link":"https:\/\/movatf.com.br\/portaria-e-recepcao\/","title":{"rendered":"Home"},"content":{"rendered":"<div class=\"brz-root__container brz-reset-all\">\n<section id=\"pryipwqhphdjlswbcantiuantidrahvztrwu\" class=\"brz-section brz-css-zMf6x\">\n<div class=\"brz-section__content brz-section--boxed brz-css-kPtki brz-css-fiEV8\" data-brz-custom-id=\"onyzxuiatmhohmrekjselhymztchkaxjvwso\">\n<div class=\"brz-container brz-css-aXudy\">\n<div id class=\"brz-css-sIWKe brz-wrapper\">\n<div class=\"brz-image brz-css-w_ryt\" data-brz-custom-id=\"zmhtrbzosejfzhandkvzcejccihtnfetnuek\"><img decoding=\"async\" class=\"brz-img\" src=\"https:\/\/movatf.com.br\/portaria-e-recepcao\/wp-content\/uploads\/2023\/05\/logomova.png\" alt=\"\" loading=\"lazy\"><\/div>\n<\/div>\n<div class=\"brz-row__container brz-css-qIqCg\" data-brz-custom-id=\"gcolcfidiblvvanizqefbyhvxfycrreevine\">\n<div class=\"brz-bg\"><\/div>\n<div class=\"brz-row brz-css-zqN2L brz-css-qJ15M\">\n<div class=\"brz-columns brz-css-wIEap brz-css-b410K\" data-brz-custom-id=\"ghmjpbsfkvslswjmqnpkqekaecixwkvmpmde\">\n<div class=\"brz-bg\"><\/div>\n<div class=\"brz-column__items brz-css-kDscL\">\n<div id class=\"brz-css-sIWKe brz-css-kMiuA brz-wrapper\">\n<div class=\"brz-image brz-css-qTmmh brz-css-mOKAR\" data-brz-custom-id=\"riosaohjvzlfkwsdlyyiivotcywwytyudtcc\"><img decoding=\"async\" class=\"brz-img\" src=\"https:\/\/movatf.com.br\/portaria-e-recepcao\/wp-content\/uploads\/2023\/05\/pexels-photomix-company-518244.jpg\" alt=\"\" loading=\"lazy\"><\/div>\n<\/div>\n<\/div>\n<\/div>\n<div class=\"brz-columns brz-css-wIEap brz-css-vPyYb\" data-brz-custom-id=\"mitkyojvuausvfvdoavgbcrmkncvqhbntbqw\">\n<div class=\"brz-bg\"><\/div>\n<div class=\"brz-column__items brz-css-kDscL brz-css-um2Tq\">\n<div id class=\"brz-css-sIWKe brz-css-pV5Ip brz-wrapper\">\n<div class=\"brz-rich-text brz-rich-text__custom brz-css-xCDuj\" data-brz-custom-id=\"kxdqxdigidvdnfwfooqoqlywucirfokmgbuu\">\n<div data-brz-translate-text=\"1\">\n<h1 class=\"ql-align-justify brz-tp-lg-empty brz-ff-overpass brz-ft-google brz-fs-lg-37 brz-fss-lg-px brz-fw-lg-700 brz-ls-lg-m_1_5 brz-lh-lg-1_3 brz-text-lg-center brz-css-hp7di\" data-generated-css=\"brz-css-yxpwk\" data-uniq-id=\"wpbnr\"><strong class=\"brz-cp-color2\">PORTARIA E RECEP\u00c7\u00c3O<\/strong><\/h1>\n<\/div>\n<\/div>\n<\/div>\n<div id class=\"brz-css-sIWKe brz-wrapper\">\n<div class=\"brz-rich-text brz-rich-text__custom brz-css-xCDuj\" data-brz-custom-id=\"uedocfabmgrcqlfbhdxjwrocdqzvxanxvjya\">\n<div data-brz-translate-text=\"1\">\n<p class=\"ql-align-justify brz-mb-sm-0 brz-tp-lg-paragraph brz-mb-lg-20 brz-mb-xs-0 brz-css-eY7sP\" data-generated-css=\"brz-css-xjgpw\" data-uniq-id=\"duvqx\"><span class=\"brz-cp-color7\">Garantimos a seguran\u00e7a e atendimento aos visitantes, moradores e prestadores de servi\u00e7os em um edif\u00edcio ou empresa. <\/span><\/p>\n<p class=\"ql-align-justify brz-mb-sm-0 brz-tp-lg-paragraph brz-mb-lg-20 brz-mb-xs-0 brz-css-gT_dw\" data-generated-css=\"brz-css-dgpnu\" data-uniq-id=\"fflnl\"><span class=\"brz-cp-color7\">Controlando acessos, monitorando c\u00e2meras de seguran\u00e7a, recebendo e encaminhando correspond\u00eancias e encomendas, efetuando atendimento e encaminhamento de liga\u00e7\u00f5es telef\u00f4nicas, sempre de acordo com as orienta\u00e7\u00f5es do condom\u00ednio ou empresa. <\/span><\/p>\n<p class=\"brz-mb-sm-0 brz-tp-lg-paragraph brz-mb-lg-20 brz-mb-xs-0 brz-css-macjm\" data-generated-css=\"brz-css-hhvig\" data-uniq-id=\"yzwzl\"><span class=\"brz-cp-color7\">Nossos profissionais que atuam nesse segmento s\u00e3o treinados e qualificados para lidar com as diversas situa\u00e7\u00f5es que podem surgir no ambiente de trabalho, desde situa\u00e7\u00f5es de emerg\u00eancia at\u00e9 conflitos entre moradores ou visitantes. <\/span><\/p>\n<\/div>\n<\/div>\n<\/div>\n<\/div>\n<\/div>\n<\/div>\n<\/div>\n<\/div>\n<\/div>\n<\/section>\n<section id=\"kkcjtqinkygreptaqzbfrcqxbcrfeureimiw\" class=\"brz-section brz-css-zMf6x\">\n<div class=\"brz-section__content brz-section--boxed brz-css-kPtki brz-css-tj4Qh\" data-brz-custom-id=\"ltgqkoruubvmsopxcdpmcdlqliajkofamtmv\">\n<div class=\"brz-bg\">\n<div class=\"brz-bg-color\"><\/div>\n<\/div>\n<div class=\"brz-container brz-css-aXudy brz-css-i23rb\">\n<div class=\"brz-row__container brz-css-qIqCg\" data-brz-custom-id=\"sovgakvtidowcuvgsbjwqafmoehjrtwenaes\">\n<div class=\"brz-bg\"><\/div>\n<div class=\"brz-row brz-css-zqN2L brz-css-qJ15M\">\n<div class=\"brz-columns brz-css-wIEap brz-css-cJ5rh\" data-brz-custom-id=\"eyucewtbbbqbavekcbyoaannvdblfqehfnpc\">\n<div class=\"brz-bg\"><\/div>\n<div class=\"brz-column__items brz-css-kDscL brz-css-iY2FT\">\n<div id class=\"brz-css-sIWKe brz-css-ykd9V brz-wrapper\">\n<div class=\"brz-rich-text brz-rich-text__custom brz-css-xCDuj\" data-brz-custom-id=\"dhgrbzctjwzwnlogllwmccwvnwnoqmubjjji\">\n<div data-brz-translate-text=\"1\">\n<p class=\"brz-tp-lg-abovetitle brz-css-uH3Mp\" data-uniq-id=\"kqghj\" data-generated-css=\"brz-css-qwynz\"><span class=\"brz-cp-color7\">Quer mais detalhes?<\/span>\t<\/p>\n<\/div>\n<\/div>\n<\/div>\n<div id class=\"brz-css-sIWKe brz-wrapper\">\n<div class=\"brz-rich-text brz-rich-text__custom brz-css-xCDuj\" data-brz-custom-id=\"hkckrfprfawksjljqcgvjihtirdgwaqbbdct\">\n<div data-brz-translate-text=\"1\">\n<h1 class=\"brz-tp-lg-heading1 brz-css-emPvJ\" data-uniq-id=\"yqvns\" data-generated-css=\"brz-css-qrpkm\"><span class=\"brz-cp-color2\">Entre em contato<\/span><\/h1>\n<\/div>\n<\/div>\n<\/div>\n<div id class=\"brz-css-sIWKe brz-css-obF6l brz-wrapper\">\n<div class=\"brz-spacer brz-css-baYDa brz-css-sRfqb\"><\/div>\n<\/div>\n<div id class=\"brz-css-sIWKe brz-wrapper\">\n<div class=\"brz-rich-text brz-rich-text__custom brz-css-xCDuj\" data-brz-custom-id=\"iwsnogwaddqgbphhatadnoykhqjyfaltjlfz\">\n<div data-brz-translate-text=\"1\">\n<h6 class=\"brz-tp-lg-heading6 brz-css-yu8H8\" data-uniq-id=\"chzpa\" data-generated-css=\"brz-css-evtot\"><span class=\"brz-cp-color2\">contato<\/span><span class=\"brz-cp-color2 brz-pre-population-visible\">@movatf.com.br<\/span><\/h6>\n<\/div>\n<\/div>\n<\/div>\n<\/div>\n<\/div>\n<div class=\"brz-columns brz-css-wIEap brz-css-vrxGQ\" data-brz-custom-id=\"zpbnvssxatoarsiqgctrbblohllzgmyslmsx\">\n<div class=\"brz-bg\"><\/div>\n<div class=\"brz-column__items brz-css-kDscL\">\n<div id class=\"brz-css-sIWKe brz-wrapper\">\n<div data-brz-form-version=\"2\" class=\"brz-forms2 brz-css-zWzza brz-css-aeZC5\" data-brz-custom-id=\"rlyvqktodpuxrqeppzjtllwzbshzvopjkthk\">\n<div data-brz-translate-text=\"1\" class=\"brz-forms2__item brz-css-sLRYp brz-css-ziicG brz-css-vIjnz\"><\/div>\n<div data-brz-translate-text=\"1\" class=\"brz-forms2__item brz-css-sLRYp brz-css-ziicG brz-css-vIjnz\"><\/div>\n<div data-brz-translate-text=\"1\" class=\"brz-forms2__item brz-css-sLRYp brz-css-ziicG brz-css-vIjnz brz-css-ox4CX\"><textarea id=\"aCG0rX9PugZB\" name=\"npdujaqweouqxdgfcbtsiglaheylixdvnofv\" data-brz-type=\"Paragraph\" data-brz-label=\"Mensagem\" data-brz-placeholder=\"Mensagem\" class=\"brz-textarea brz-forms2__field brz-forms2__field-paragraph\"><\/textarea><\/div>\n<div class=\"brz-forms2 brz-forms2__item brz-forms2__item-button\" data-brz-custom-id=\"rlyvqktodpuxrqeppzjtllwzbshzvopjkthk\"><button class=\"brz-btn brz-btn-submit brz-css-cqoT6 brz-css-sda7x\" data-brz-custom-id=\"gvqyeabnavzmkatzlcvgjdvvjllcqmzqoyph\"><span data-brz-translate-text=\"1\" class=\"brz-span brz-text__editor\">Enviar Mensagem<\/span><\/button>!function(){function t(t){this.element=t,this.animationId,this.start=null,this.init()}if(!window.requestAnimationFrame){var i=null;window.requestAnimationFrame=function(t,n){var e=(new Date).getTime();i||(i=e);var a=Math.max(0,16-(e-i)),o=window.setTimeout(function(){t(e+a)},a);return i=e+a,o}}t.prototype.init=function(){var t=this;this.animationId=window.requestAnimationFrame(t.triggerAnimation.bind(t))},t.prototype.reset=function(){var t=this;window.cancelAnimationFrame(t.animationId)},t.prototype.triggerAnimation=function(t){var i=this;this.start||(this.start=t);var n=t-this.start;504&gt;n||(this.start=this.start+504),this.element.setAttribute(&quot;transform&quot;,&quot;rotate(&quot;+Math.min(n\/1.4,360)+&quot; 12 12)&quot;);if(document.documentElement.contains(this.element))window.requestAnimationFrame(i.triggerAnimation.bind(i))};var n=document.getElementsByClassName(&quot;nc-loop_circle-02-24&quot;),e=[];if(n)for(var a=0;n.length&gt;a;a++)!function(i){e.push(new t(n[i]))}(a);document.addEventListener(&quot;visibilitychange&quot;,function(){&quot;hidden&quot;==document.visibilityState?e.forEach(function(t){t.reset()}):e.forEach(function(t){t.init()})})}();<\/div>\n<\/div>\n<\/div>\n<\/div>\n<\/div>\n<\/div>\n<\/div>\n<\/div>\n<\/div>\n<\/section>\n<\/div>\n<p>    <!-- version:1704660507 --><\/p>\n","protected":false},"excerpt":{"rendered":"<p>PORTARIA E RECEP\u00c7\u00c3O Garantimos a seguran\u00e7a e atendimento aos visitantes, moradores e prestadores de servi\u00e7os em um edif\u00edcio ou empresa. Controlando acessos, monitorando c\u00e2meras de seguran\u00e7a, recebendo e encaminhando correspond\u00eancias e encomendas, efetuando atendimento e encaminhamento de liga\u00e7\u00f5es telef\u00f4nicas, sempre de acordo com as orienta\u00e7\u00f5es do condom\u00ednio ou empresa. Nossos profissionais que atuam nesse segmento&hellip; <a class=\"more-link\" href=\"https:\/\/movatf.com.br\/portaria-e-recepcao\/\">Continuar lendo <span class=\"screen-reader-text\">Home<\/span><\/a><\/p>\n","protected":false},"author":1,"featured_media":0,"parent":0,"menu_order":0,"comment_status":"closed","ping_status":"closed","template":"brizy-blank-template.php","meta":{"footnotes":""},"class_list":["post-6","page","type-page","status-publish","hentry","entry"],"_links":{"self":[{"href":"https:\/\/movatf.com.br\/portaria-e-recepcao\/index.php\/wp-json\/wp\/v2\/pages\/6","targetHints":{"allow":["GET"]}}],"collection":[{"href":"https:\/\/movatf.com.br\/portaria-e-recepcao\/index.php\/wp-json\/wp\/v2\/pages"}],"about":[{"href":"https:\/\/movatf.com.br\/portaria-e-recepcao\/index.php\/wp-json\/wp\/v2\/types\/page"}],"author":[{"embeddable":true,"href":"https:\/\/movatf.com.br\/portaria-e-recepcao\/index.php\/wp-json\/wp\/v2\/users\/1"}],"replies":[{"embeddable":true,"href":"https:\/\/movatf.com.br\/portaria-e-recepcao\/index.php\/wp-json\/wp\/v2\/comments?post=6"}],"version-history":[{"count":3,"href":"https:\/\/movatf.com.br\/portaria-e-recepcao\/index.php\/wp-json\/wp\/v2\/pages\/6\/revisions"}],"predecessor-version":[{"id":21,"href":"https:\/\/movatf.com.br\/portaria-e-recepcao\/index.php\/wp-json\/wp\/v2\/pages\/6\/revisions\/21"}],"wp:attachment":[{"href":"https:\/\/movatf.com.br\/portaria-e-recepcao\/index.php\/wp-json\/wp\/v2\/media?parent=6"}],"curies":[{"name":"wp","href":"https:\/\/api.w.org\/{rel}","templated":true}]}}